osite number?
False
Let u(j) = -2900*j + 46. Let n(t) = -1448*t + 23. Let c(b) = 7*n(b) - 3*u(b). Is c(-1) a prime number?
True
Let f(w) = -w**3 - 16*w**2 + w + 33. Let l be f(-16). Suppose -35*q = -l*q - 4572. Is q prime?
False
Let g(l) = 374*l**2 - l + 6. Let f be g(-4). Let k = f - -10189. Is k a prime number?
True
Let a be 5*-25*3/30*-4. Suppose -6*c + a = -34. Suppose -c*r + 5*r + 2367 = 0. Is r prime?
True
Let j = 371490 + -261559. Is j prime?
False
Let x = 1812 - 6088. Suppose -18*i - 205 = 83. Is x/(-32) + (-6)/i a composite number?
True
Suppose -19*h - 4 = -17*h. Let s be 2 + (-7097)/h - (-3)/(-6). Is s + (0 - 1)*3 prime?
True
Suppose -95*l = -97*l + 4*x + 116438, -x + 291095 = 5*l. Is l prime?
False
Suppose 0 = 7*y - 96034 - 19802. Let a = 34411 - y. Is a a composite number?
False
Suppose -8*d - 532 = -r - 11*d, 5*r - 2*d - 2677 = 0. Is r a composite number?
True
Suppose -1263 = 4*w - 27651. Suppose 5*m + 443 + w = 0. Let r = m + 2549. Is r composite?
True
Let c = 66 + -62. Suppose -36 = -c*r - 3*x, -2*r + 28 = 6*x - 2*x. Is r composite?
True
Let a(p) = -5601*p + 1781. Is a(-8) prime?
True
Let r(u) = -8 + 11 + 2*u - 1 - u**3. Suppose 3*o = -4*p - 18 - 4, 4*o - 5*p - 12 = 0. Is r(o) composite?
True
Let h(p) = 2*p**3 - p**2 - 4*p + 3. Suppose -f - 2*v - 2 - 4 = 0, 3*f = -3*v - 6. Let a be h(f). Is (6/a)/3 + 128990/70 a prime number?
False
Suppose 78*b - 168 = 74*b. Let s = b - 40. Suppose -1229 = -s*p + y, 2*y + 604 = p + 5*y. Is p a composite number?
False
Suppose -592 = -4*g - 580. Let v(m) = 4*m**3 - m**2 + 2*m - 1. Let p be v(1). Suppose p*t - 5*j = 261, 0*j = j - g. Is t a composite number?
True
Let m(o) = -5485*o - 5477. Is m(-28) composite?
True
Let g(n) = 2*n**2 + 8*n + 19. Let l be g(17). Suppose l = 2*j - 1183. Is j a prime number?
False
Is 3513*9/(-81)*-9 prime?
False
Let u(j) = 3505*j**2 + 183*j - 1115. Is u(6) a composite number?
True
Suppose y + 84826 = 3*q, 4*q - 153*y + 156*y = 113123. Is q a prime number?
True
Let u = -90665 + 156264. Is u composite?
False
Let s(o) = 12*o**2 - 6*o + 6*o + 434 - 437 + 6*o. Suppose 0*p = 5*p - 10. Is s(p) a prime number?
False
Is (-6127 + 0)/(-116 + 115) prime?
False
Suppose 28 - 8 = 4*r. Suppose -24 = -r*n + n. Is -15*((-8)/(-16) - 257/n) prime?
False
Let o = 4 + 0. Suppose -2*k + 2478 = -o*k - 4*y, 0 = 4*k + y + 4991. Let j = k - -1752. Is j prime?
True
Let f(r) = -r**2 - 9*r - 3. Let h be f(-9). Let t(l) = -2*l**3 - 7*l**2 + 2*l + 10. Let a be t(h). Let k(s) = -164*s + 31. Is k(a) a composite number?
True
Let a = -17 - -22. Suppose -g + 8 = -a. Suppose -o + g*o = 156. Is o a prime number?
True
Suppose -65 = 3*t + 10*t. Is (2611/(-28))/(t/20) a composite number?
False
Let a(q) = -q**2 + q. Let x(m) = -63*m**3 - 16*m**2 + 9*m + 23. Let u(i) = 3*a(i) - x(i). Is u(7) a composite number?
True
Let c(p) be the second derivative of -p**3/6 + 3*p**2 + 26*p. Let i be c(3). Suppose 0 = -5*n + 5, 2*w + 4*n = i*w - 1195. Is w prime?
False
Let w be 344 + 2 + (-8)/(-4). Let x = 719 - w. Suppose -2*k = -0*k + s - 259, -2*s - x = -3*k. Is k prime?
True
Suppose 70*d - 239*d + 92008501 = 0. Is d a prime number?
True
Suppose -429464 = -43*n + 15*n. Is n composite?
True
Let f = -268 - -1000. Let z = 1154 - f. Suppose z - 159 = s. Is s composite?
False
Let f = 317952 - -24529. Is f composite?
False
Let v(u) = 10*u + 13 + 4*u**2 - 43*u + 5*u**3 - 17. Is v(14) a composite number?
True
Suppose -34*j = -31*j + 12, -4*u = -5*j + 28. Is (9 - (-48462)/u)/((-2)/4) composite?
False
Is ((-15)/(-9))/(325/17027790) a prime number?
False
Let c = 395 + -1698. Let v = 3584 + c. Is v a prime number?
True
Let p(c) = 111*c**2 - 146*c - 980. Is p(-53) composite?
False
Let s = -48777 - -97018. Is s a composite number?
True
Suppose -y + 5*k = -25, 15*y - k + 1 = 16*y. Is 46434/10 - 2/y composite?
False
Let u(x) = 164*x**2 + 97*x + 223. Is u(-44) prime?
False
Let l be (1 - 1)/(21/7). Let g(m) = -5*m - 1. Let j be g(l). Is (8 - -274)*((-8)/(-6) + j) a prime number?
False
Let w(x) be the first derivative of 15 + 2/3*x**3 + 7/2*x**4 - x - 1/2*x**2. Is w(1) a composite number?
True
Let u(g) = 12*g**3 - 8*g**2 + 10*g - 7. Let r(l) = -2*l**2 + 20*l - 14. Let h be r(9). Is u(h) a composite number?
False
Suppose -3*x - 3*a + a + 12 = 0, -x - 7 = -3*a. Suppose 2*g = -4*g + 642. Suppose -s + g = x*t - 0*s, -t - 4*s = -57. Is t prime?
True
Let h(m) = -18*m - 137. Let w be h(-8). Suppose 9963 = 5*z + 2*n, -3*z = w*n - 2*n - 5993. Is z prime?
False
Let t(m) = m**3 + 11*m**2 - 10*m + 29. Let s be t(-12). Suppose 5*q + 25753 = z, -4*z + 0*q = -s*q - 102952. Is z a composite number?
False
Let i(v) be the first derivative of -8*v**2 - 11*v + 4. Let z be 3*(-4 + (-2 - -10) - 7). Is i(z) composite?
True
Let w be (3444 + -2)*4/1. Let x(f) = -f**3 + 36*f**2 + 353*f - 37. Let j be x(44). Suppose j*s - w = -s. Is s a prime number?
True
Let c = 675 + 1376. Is c a prime number?
False
Suppose -6*v - 1 - 11 = 0. Let i be v - ((-4)/(-16) + 51/(-12)). Suppose 3*t = i*j - 1394, -t = -3*j + 2*t + 2085. Is j a composite number?
False
Let c(k) = k**3 + 7*k**2 + 2*k + 8. Let l be c(-7). Is (0 + 2)*29/l*-39 prime?
False
Let r = 73068 + -33569. Is r a prime number?
True
Is ((-461348)/(-3))/(600/450) prime?
True
Let l be (((-13615)/10)/1)/((-3)/18). Let d = l + -5666. Is d a prime number?
True
Suppose 105*c + 29*c - 55957586 = -10960252. Is c a prime number?
False
Suppose -30*l = 887 + 13. Is 10/l*((1 - 1) + -2019) composite?
False
Let t = -31 - 54. Let w = t + 95. Is (201 + w)*(6 - (3 + -2)) a prime number?
False
Let m = -93 - -89. Let q be 2032 - (-1 + m - -2). Suppose -t + 2*d = -192 - q, 2*t = d + 4460. Is t composite?
True
Suppose 0 = 7*x + 14. Let s be (-5)/(x*(-4)/(-208)). Suppose -539 - s = -3*u. Is u a composite number?
False
Let a(i) = 13*i**3 - 3*i**2 - 7*i + 15. Let q be a(7). Suppose -18*f = -21*f - q. Let w = 2095 + f. Is w prime?
False
Let n(s) = -s**3 + 3*s**2 - 6*s + 20. Let d be n(3). Is d - -2529 - (-18 + 18) prime?
True
Let u(t) = 3*t**2 - 4*t + 50. Let y(n) = -4*n**2 + 6*n - 75. Let o(p) = 7*u(p) + 5*y(p). Is o(-16) composite?
False
Suppose -p = -3*y - 9571, 3*y - 451 + 10028 = -2*p. Let b = y - -4734. Is b a prime number?
True
Suppose -35*v + 391453 + 2046456 = -16*v. Is v a composite number?
False
Let c(q) = q - 9 - 12*q + 8. Let p be c(-1). Suppose 3*y - p*y = -973. Is y a prime number?
True
Suppose 1920065 = 28*x - 1568819. Is x a prime number?
False
Let j(i) = -4*i**2 + 299*i + 302. Is j(63) prime?
False
Let f be (-5)/((3*3/(-9))/1). Suppose -c + 3981 = -4*r, -2*c + f*r = 3*c - 19830. Is c composite?
True
Let f be 46/6 - 20/30. Let i(k) = -3 - 3*k**2 + 2*k - k**2 + f*k**2. Is i(-4) prime?
True
Suppose 0*a - 8*a + 600 = 0. Let t = a + 76. Let h = t - -402. Is h a composite number?
True
Let l be (2/(-5))/(((-3)/3)/10). Suppose -z - 6449 = -5*m + 2825, 2*m + 5*z - 3688 = 0. Suppose -l*p + m = 2*p. Is p a prime number?
False
Suppose -1128076 = -4*a - 4*c, 0 = -755*c + 754*c - 4. Is a composite?
True
Let m = -536 + 476. Is ((-48408)/m)/((-4)/(-20)) a prime number?
False
Suppose 10*p - 9*p + 2*k = 1, p = -5*k - 14. Let m(c) = 15*c**3 - 16*c**2 + 4*c - 66. Is m(p) a prime number?
False
Let s be ((-108)/63)/((-4)/(-126)). Let p = s - -52. Is (8/(-2) - 222)/p a prime number?
True
Suppose -692 = -6*o - 6224. Let q = o - -420. Let r = -215 - q. Is r a composite number?
True
Let s(c) = -2*c - 3. Suppose 3*t - 12 = 4*u, 2*t = 2*u + 2*u + 8. Let y be s(u). Is ((-14)/(-35) - 13241/15)*y a prime number?
True
Let d(t) be the third derivative of -583*t**4/12 + 81*t**3/2 + 2*t**2 + 50*t. Is d(-5) prime?
True
Suppose 3*k - 4*f + 3*f - 22337 = 0, 0 = 4*f - 16. Suppose 0 = 10*y + y - k. Is y a prime number?
True
Let u be (-6)/(((-2)/8)/((-5)/(-30))). Suppose u*b - 2 = 2. Is 1676/(4 - 0)*b composite?
False
Suppose 383 + 817 = -15*y. Let v = 49 + 20. Let f = v - y. Is f a prime number?
True
Suppose 0 = 3*u + 5*p - 179460, 0 = p - 0*p. Suppose 0 = -3*k + 51939 + u. Is k a prime number?
True
Let q = -77087 - -138370. Is q composite?
False
Let r(m) = -6*m - 28. Let a be r(-6). Let y(i) = -1 + a + i - i**2 + 6*i - i - 60*i**3. Is y(-2) prime?
False
Is 5 - (-9 - (-6133498)/(-14)) a prime number?
False
Is (-1 - (-768138)/12)/(65/10 + -6) prime?
True
Is 65814 - (2